010110100111101111110 - 11?
11010110100111101111011
In base 16, what is 39d70 + -2?
39d6e
In base 15, what is -7 + 2879?
2872
In base 5, what is -14 + -2303001?
-2303020
In base 12, what is 13a - -98?
216
In base 15, what is 109 + 138?
242
In base 10, what is 430 + -310?
120
In base 13, what is 1519 + 1a?
1536
In base 5, what is -1010132 + 2?
-1010130
In base 15, what is 20 - 60e?
-5de
In base 2, what is 1 - -1111110110110?
1111110110111
In base 5, what is 443 + 1211?
2204
In base 6, what is -5 - 20?
-25
In base 15, what is d620 + 7?
d627
In base 10, what is 29464 + -4?
29460
In base 4, what is 3 + 330110?
330113
In base 5, what is 44040210 - -12?
44040222
In base 10, what is -8 + 34058?
34050
In base 5, what is 1142131 - 4?
1142122
In base 4, what is 12 + -23211202?
-23211130
In base 2, what is -1011 - 1000101110010011100?
-1000101110010100111
In base 12, what is 6621 - -29?
664a
In base 7, what is 43331 + 6?
43340
In base 13, what is -8931 + -8?
-8939
In base 9, what is 16846 - -285?
17242
In base 8, what is -1244540 + 3?
-1244535
In base 6, what is -2 - -222434?
222432
In base 2, what is 101100101 + -10010100?
11010001
In base 16, what is -4 - -2214?
2210
In base 4, what is -331302 - -1111?
-330131
In base 7, what is -315 + -233?
-551
In base 5, what is 1100 - -110?
1210
In base 16, what is -71b + 4c6?
-255
In base 8, what is 11 - 362224?
-362213
In base 11, what is 12 + 909a2?
90a04
In base 2, what is -1010 + -11101001110101?
-11101001111111
In base 5, what is 3104 - 214?
2340
In base 12, what is -536 + 19?
-519
In base 15, what is 3 - 1a31?
-1a2d
In base 14, what is -b41 + -5a7?
-1308
In base 15, what is -11 - -213?
202
In base 11, what is 8a - -3140?
321a
In base 5, what is -4 + 4121300?
4121241
In base 10, what is -31698 + -1?
-31699
In base 9, what is -25 - -52370?
52344
In base 15, what is -3 - -31b8?
31b5
In base 8, what is 14 - -2136?
2152
In base 8, what is -15 - 16112?
-16127
In base 2, what is -111111011011011000 + 10?
-111111011011010110
In base 14, what is -5 - 8c46?
-8c4b
In base 4, what is -3013 - 2100?
-11113
In base 9, what is -2565 + 45?
-2520
In base 5, what is 23 - -114121?
114144
In base 15, what is -1 + 68ea?
68e9
In base 10, what is 550 + -2082?
-1532
In base 5, what is 240100 - -12?
240112
In base 16, what is 59 + -41c?
-3c3
In base 15, what is -24e09 - -1?
-24e08
In base 6, what is 3202350 + -5?
3202341
In base 10, what is 60 + -8875?
-8815
In base 5, what is -130014311 - 20?
-130014331
In base 15, what is 5 - 54421?
-5441b
In base 13, what is -1964 + 4?
-1960
In base 9, what is -660 + -160?
-830
In base 10, what is -568392 - -5?
-568387
In base 8, what is 222 - -32061?
32303
In base 8, what is -23326772 + -1?
-23326773
In base 7, what is 42116 - -150?
42266
In base 11, what is -1 - -aaa77?
aaa76
In base 10, what is -3 + 416560?
416557
In base 11, what is -2133 - -41?
-20a2
In base 11, what is -3997 + 5?
-3992
In base 2, what is -1110000110011 + -100?
-1110000110111
In base 9, what is 4 - -152480?
152484
In base 14, what is 70 - 493?
-423
In base 10, what is -8 + 180186?
180178
In base 14, what is 5 - dc1b2?
-dc1ab
In base 10, what is -426 + 474?
48
In base 2, what is 100 + -101110001000000?
-101110000111100
In base 16, what is 339a5 - -7?
339ac
In base 7, what is -6 - 10262?
-10301
In base 12, what is -329b3 - 3?
-329b6
In base 4, what is -11 + -13100020?
-13100031
In base 13, what is 26 - -475?
49b
In base 11, what is a44 - -304?
1248
In base 10, what is 8 - 1994?
-1986
In base 11, what is 4aa - -4a?
549
In base 15, what is -3 + -198a?
-198d
In base 15, what is -a01a - 4?
-a01e
In base 14, what is 359 - -919?
c74
In base 15, what is -cc - -95?
-37
In base 13, what is 3c + 759?
798
In base 9, what is 186401 + 24?
186425
In base 4, what is 2130212 + 11?
2130223
In base 16, what is 77f81 + -1?
77f80
In base 4, what is -1 + 13122010210?
13122010203
In base 6, what is -124305 + 52?
-124213
In base 15, what is 5ac + -100?
4ac
In base 14, what is -3 + a69d?
a69a
In base 7, what is -3 + -2202311?
-2202314
In base 14, what is 4bd + -5?
4b8
In base 16, what is 4e + 52c?
57a
In base 11, what is 85749 + -5?
85744
In base 12, what is -a71 + 5?
-a68
In base 16, what is -665 - -c?
-659
In base 15, what is 2dd2 + -a?
2dc7
In base 2, what is -1010111111001010 - -100?
-1010111111000110
In base 14, what is -18b116 - 3?
-18b119
In base 8, what is 10575 - 22?
10553
In base 10, what is 2 - -152077?
152079
In base 11, what is -251884 - -1?
-251883
In base 14, what is 10c + 41d5?
4303
In base 10, what is 7393 - -167?
7560
In base 13, what is 1914 + -123?
17c1
In base 2, what is 11011 - -11000110?
11100001
In base 11, what is a21 + -669?
363
In base 6, what is 11 + -112201?
-112150
In base 10, what is 4959 + 55?
5014
In base 15, what is 192 + 112?
2a4
In base 12, what is 34751 - -64?
347b5
In base 9, what is 3 + -57816?
-57813
In base 13, what is 81 + 2234?
22b5
In base 9, what is 3 + -31146?
-31143
In base 15, what is -3047 - -4?
-3043
In base 9, what is 2 + -30372?
-30370
In base 8, what is 5 - -162033?
162040
In base 6, what is 2 - -122432?
122434
In base 12, what is -89a35 - -2?
-89a33
In base 4, what is -2211 + 12000?
3123
In base 13, what is -c + 108a?
107b
In base 11, what is -18640 + 2?
-18639
In base 3, what is -200020 - -1021220?
121200
In base 6, what is 313 + 3403?
4120
In base 10, what is -50 + 1975?
1925
In base 3, what is -10000110102 - -111?
-10000102221
In base 4, what is -2120022 - -10?
-2120012
In base 13, what is -5668 - -18?
-5650
In base 9, what is 65 - 767?
-702
In base 5, what is 0 - -423123321?
423123321
In base 2, what is 111111000 - 11110101?
100000011
In base 7, what is 1 + 53054?
53055
In base 15, what is -9 - -db7?
dad
In base 3, what is -1121002 + -1000?
-1122002
In base 9, what is -31 - -111673?
111642
In base 14, what is -39167 + 1?
-39166
In base 4, what is 30311 + 1320?
32231
In base 12, what is 1960b5 + -3?
1960b2
In base 2, what is 100 - 11110011000010?
-11110010111110
In base 11, what is 7a2 - -154?
946
In base 2, what is -1100010000 + 111111?
-1011010001
In base 5, what is -30133 - -243?
-24340
In base 12, what is -1b44 + -7?
-1b4b
In base 6, what is 5 + -5125541?
-5125532
In base 16, what is -2a3 - 19?
-2bc
In base 7, what is -331526 - 30?
-331556
In base 8, what is 277422 - -23?
277445
In base 15, what is -3 + -5897?
-589a
In base 7, what is -52 - -324?
242
In base 16, what is 20a6a + -1?
20a69
In base 6, what is -3 - -113413?
113410
In base 8, what is 563636 + 1?
563637
In base 6, what is 35 + 55023?
55102
In base 6, what is -13412 + 40?
-13332
In base 13, what is 285 + -1387?
-1102
In base 6, what is 213 - 34430?
-34213
In base 7, what is 3 + 156630?
156633
In base 12, what is 6b81a + 5?
6b823
In base 14, what is 4b42 + 2a?
4b6c
In base 12, what is 100 + 44?
144
In base 8, what is -327 - 131?
-460
In base 10, what is -5 - 74138?
-74143
In base 8, what is -175325 + -2?
-175327
In base 14, what is -1414 + 4?
-1410
In base 10, what is 4 - -158598?
158602
In base 13, what is -1a + 104?
b7
In base 13, what is b + 2a144?
2a152
In base 7, what is 34 + -1441?
-1404
In base 14, what is -8a - b337?
-b3c3
In base 10, what is -19 + 7115?
7096
In base 11, what is 1a16 - -31a?
2235
In base 12, what is -232957 + -3?
-23295a
In base 11, what is -2 - -6a7?
6a5
In base 14, what is -4 - -c65?
c61
In base 10, what is 203 + 5473?
5676
In base 11, what is -155 + -2565?
-270a
In base 7, what is 3221661 + -5?
3221653
In base 4, what is 0 - -32212210?
32212210
In base 10, what is 3 + 100244?
100247
In base 11, what is 445539 + -2?
445537
In base 5, what is -10 - 22001114?
-22001124
In base 10, what is 96898 + -1?
96897
In base 15, what is -2 + 7e1c0?
7e1bd
In base 14, what is -b2b4 + 1?
-b2b3
In base 9, what is -346078 + 2?
-346076
In base 9, what is 102807 + -12?
102785
In base 8, what is -434172 + 1?
-434171
In base 11, what is -403 + -1471?
-1874
In base 16, what is -12c - 6d8?
-804
In base 15, what is 4 + 43de?
43e3
In base 8, what is 17 - 16516?
-16477
In base 16, what is -2 + -cd64?
-cd66
In base 5, what is 33 - 12314143?
-12314110
In base 11, what is 0 + 481894?
481894
In base 4, what is 100 + -302303?
-302203
In base 10, what is 3 - -2625?
2628
In base 5, what is -133 - -422?
234
In base 2, what is 101000 + 